rime factors of j(5).
3, 29
Let g(j) = -j - 8. Let y be ((-5)/(-3))/((-1)/9). What are the prime factors of g(y)?
7
Let t(k) = k**3 - 4*k**2 - 8*k - 7. Let w be t(6). Let v = 19 - w. Suppose 4*c - c = -3, v*z = -c + 85. List the prime factors of z.
43
Let f(z) = 6*z - 28. Let k be f(5). Suppose 0 = s - 2*c - 61, 2*s + k*c = -0*s + 122. List the prime factors of s.
61
Let q(h) = 5*h**2 + h. Let w be q(1). Suppose -z - 10 = -w*z. Suppose z = r - 31. What are the prime factors of r?
3, 11
Let p be ((-52)/20 - -2)*-10. Let t be (8 - 2)*2/p. Suppose t*h + 75 = 7*h. What are the prime factors of h?
3, 5
Let m(h) = h + 16. Let w be m(-10). Let y(u) = 8*u - 13. What are the prime factors of y(w)?
5, 7
Let h(x) = 464*x**2 + x - 2. List the prime factors of h(1).
463
Suppose 5*y = -0*y + 230. Suppose -7*x + x - 102 = 0. Let m = x + y. What are the prime factors of m?
29
Let z(d) = -d**3 + 53*d**2 + 60*d - 27. List the prime factors of z(53).
3, 1051
Let a(x) = 14*x**2. Let g be a(1). Let i = g - -23. What are the prime factors of i?
37
Let d(h) = h**2 - 2*h - 23. Let z be d(-11). Suppose -3*q = -9*q + z. What are the prime factors of q?
2, 5
Suppose -3*s + s + 4 = 0. Let a(j) = -j**s + j**3 + j + j - 4*j + 0*j + 3. List the prime factors of a(3).
3, 5
Let x(l) = l**3 + 8*l**2 - 9*l + 4. Let d be x(-9). Let z = 6 - -4. List the prime factors of 2/d + 155/z.
2
Suppose 4*w - 4*n - 1976 = 0, -3*n = -2*w + 1456 - 464. List the prime factors of w.
2, 5, 7
What are the prime factors of (155 + -8)*(-47)/(-3)?
7, 47
Suppose -459 = -5*i + h + 1268, -h = -i + 343. What are the prime factors of i?
2, 173
Let d(p) = -6*p**3 + p**2 + 2*p + 5. List the prime factors of d(-6).
5, 53
Suppose -11*f + 359 = -2820. Suppose -f = -3*a + w, -2*a + 3*w = -34 - 168. List the prime factors of a.
5, 19
Suppose -2*g + 1 = -45. Suppose -3 = 5*w + 17. Let j = w + g. List the prime factors of j.
19
Suppose 4*h - 5*u - 5 = 3, 0 = -3*h + 2*u + 13. What are the prime factors of ((-250)/4)/(h/(-14))?
5
Suppose -3*m + 13425 = -5*w, -w - 13428 = -3*m + 3*w. List the prime factors of m.
2, 5, 7
Suppose -2*o = 5*d + 1, 0*d = 3*d + 4*o + 9. What are the prime factors of 46 + d - 3 - 5?
3, 13
Let l(o) = 2426*o - 108. What are the prime factors of l(1)?
2, 19, 61
Suppose -21*m + 234 = -27*m. What are the prime factors of m/(-1) - (2 + -5 + 2)?
2, 5
List the prime factors of (0 + 8/20)/(2/5280).
2, 3, 11
Suppose 0 = 9*l - l + 48. What are the prime factors of l/15 + 1934/10 + 1?
2, 97
Let j(m) = 4*m**3 + 6*m**2 + 5*m - 2. List the prime factors of j(4).
2, 5, 37
Let n(u) = 23*u**2 + 7*u - 3. What are the prime factors of n(6)?
3, 17
Suppose j - 20 + 0 = 0. Let q be 16/j*45/2. Suppose 0 = -2*o - m + q, -m + 0 = -o + 9. What are the prime factors of o?
3
Suppose 2*z + 3*n - 21 = 0, 2 = z + 3*n - 13. Suppose -z*r = -r - 240. Suppose 3*d + j + j - r = 0, j = 4*d - 64. List the prime factors of d.
2
Let t(i) be the third derivative of i**5/30 + 7*i**4/12 + 23*i**3/6 + 13*i**2. List the prime factors of t(-8).
3, 13
List the prime factors of 1 + 753*24/18.
3, 5, 67
Let m = 160 - 136. List the prime factors of m.
2, 3
Let b be 4/(1*1/1). Suppose 1 = b*j + 17. Let g(y) = -2*y - 6. What are the prime factors of g(j)?
2
Let a = 1780 + -912. Suppose 3*c = 10*c - a. List the prime factors of c.
2, 31
Let f = 808 - 434. List the prime factors of f.
2, 11, 17
Let j(x) = -x**2 - 6*x - 6. Let c be j(-3). Suppose c*t - 60 = 5*t. What are the prime factors of (1 + 0)/(-1)*t?
2, 3, 5
List the prime factors of ((-2)/(-18))/((-14)/(-481698)).
3823
Let v = 907 + -464. List the prime factors of v.
443
Let a(q) = -5*q**3 - 19*q**2 - 14*q + 81. Let i(s) = 3*s**3 + 10*s**2 + 7*s - 41. Let o(v) = 4*a(v) + 7*i(v). List the prime factors of o(7).
37
Let a(h) be the third derivative of -5*h**4/8 + 5*h**3/3 + 11*h**2. What are the prime factors of a(-7)?
5, 23
Let p = 857 - 465. Suppose 134*l = 130*l + p. What are the prime factors of l?
2, 7
Let j be 27/6 + (-3)/2. Suppose -25 = -5*n, -3*x + 44 = 3*n + 197. List the prime factors of x/(-2) + j*-1.
5
Suppose 864 = 10*d + 2*d. List the prime factors of d.
2, 3
Let q = -639 + -781. List the prime factors of (-3 - -1)/((-5)/q*-2).
2, 71
Let u(m) = 36*m - 30. List the prime factors of u(15).
2, 3, 5, 17
Let s = -25 + 3. Let h = -20 - s. Suppose 3*g + 3*k = 237, -181 = -3*g + h*k + 31. What are the prime factors of g?
2, 37
Let q = 16 + -5. Suppose q = -s - 2*u, -2*u - 15 = u. What are the prime factors of s - 0 - (-4 - 2)?
5
Let h(q) = 6*q**2 - 46*q - 13. List the prime factors of h(16).
787
Suppose -2*q + 4 = 0, 5*w + 0*q = 2*q + 31. Suppose -4*z + 2*b - w*b + 710 = 0, 2*b - 356 = -2*z. List the prime factors of z.
2, 3, 5
Let v(h) = h**2 + h - 2. Let b be v(2). Suppose q + 6 = u + 49, -q + b*u = -55. List the prime factors of q.
3, 13
Let i = 3 + 0. Suppose -194 = -2*s - 2*y, -5*s + y = i*y - 479. List the prime factors of s.
5, 19
Suppose -3*p + 2*h = -10113, -5*p + 16874 = -36*h + 39*h. What are the prime factors of p?
3373
Let x = 8 + -9. What are the prime factors of (61 - 2*x) + (-32)/(-16)?
5, 13
List the prime factors of (-3)/((-78)/(-4)) + 10384/572.
2, 3
Let i(n) = -n**2 + 27*n - 68. List the prime factors of i(16).
2, 3
Suppose 0 = 9*i - 1098 - 909. List the prime factors of i.
223
Suppose 21 = -0*j + 7*j. Suppose 3*w - 103 = -2*x, -1 = w + j*x - 33. What are the prime factors of w?
5, 7
Let t(o) = o**2 - 5*o + 43. List the prime factors of t(17).
13, 19
Suppose -k + 3*w = -15, 3*k + w + 10 = -w. Let u = k - 25. What are the prime factors of 20/u*55/(-2)?
2, 11
Let b(g) = -g**2 - 6*g + 16. Let o be b(0). Suppose -q = 5, -y - 3*q + 2*q + o = 0. What are the prime factors of y?
3, 7
Let x = -478 - -305. Let n = 327 + x. What are the prime factors of n?
2, 7, 11
Let g(c) = -7*c + 2. Let a(v) = -6*v + 3. Let t(o) = 6*a(o) - 5*g(o). Let d be t(6). Suppose d*f + 22 = 4*h, -2 = -3*h - 2*f - 3. List the prime factors of h.
3
Suppose x - 21 + 16 = 0. Suppose 0 = -x*k - 0*k + 35. List the prime factors of k.
7
Let j be 12/(20/(-5))*8/(-6). Let m(n) = 2*n**3 + 2*n**2 + 4*n + 5. List the prime factors of m(j).
181
Let x(d) = -d**3 + 4*d**2 - 2*d + 6. Let c be x(4). What are the prime factors of -1 + -3 + (-90)/c?
41
Suppose -4*d + 0*d - 4*m = -3496, d - 4*m - 869 = 0. What are the prime factors of d?
3, 97
Suppose -5*u + 3166 = -3*u - 4*y, -5*y = -5*u + 7905. What are the prime factors of u?
1579
Suppose 3*h - 4*k = k + 12, 3*k + 9 = 0. Let r be h*8/4 - -4. Suppose 3*j = r*j + 20. What are the prime factors of j?
2, 5
Let f(i) = -i**2 - 41*i + 60. What are the prime factors of f(-18)?
2, 3, 79
Let a(m) = 537*m**2 + 57*m - 184. List the prime factors of a(3).
2, 5, 241
Suppose 3*w - 868 = -5*q + 441, 0 = -3*q + 4*w + 797. Suppose 4*p - 4*n = q + 73, p - 2*n - 81 = 0. List the prime factors of p.
3, 29
Let i = 82 + 43. Let s be (5 + i)*2/5. Let g = s - 33. List the prime factors of g.
19
Let f = 14281 - 9725. What are the prime factors of f?
2, 17, 67
Let m(c) = c - 1. Let x(v) = 20*v - 10. Let l(z) = 30*m(z) - x(z). List the prime factors of l(21).
2, 5, 19
Let o = -159 - -11. What are the prime factors of (-4)/16 - (-39)/12 - o?
151
Suppose s + 9 = 10. Suppose i + 3*i + 16 = 4*p, -p = 2*i - s. List the prime factors of (988/39)/(2/p).
2, 19
Suppose -15690 = -12*w - 3426. List the prime factors of w.
2, 7, 73
Suppose 4*s - 17 - 63 = 0. Let y be 3/15 + 36/s. Suppose -115 = -4*x + j, 2*x + 78 = 5*x + y*j. What are the prime factors of x?
2, 7
Suppose p + 5*v - 568 = 0, 3*v - 1724 = -3*p + 8*v. List the prime factors of p.
3, 191
Suppose f - 2205 = -2*u, 4*u + 3399 = 4*f - 5469. What are the prime factors of f?
2213
Let p(o) = -185*o - 6. Let l be p(-4). Suppose -5*z + l = 3*c, -4*z - 730 = -9*z - 5*c. What are the prime factors of z?
2, 37
Let z = -1426 - -3006. What are the prime factors of z?
2, 5, 79
Suppose 5*o + 201 = 4*n - 422, 298 = 2*n + 2*o. List the prime factors of n.
2, 19
Let y(w) = 83*w**2 + 45*w + 255. List the prime factors of y(-6).
3, 991
Let a(f) = 2*f - 6. Let b(q) = -3*q + 6. Let x(r) = -6*a(r) - 5*b(r). What are the prime factors of x(10)?
2, 3
Suppose -42*x = -51*x + 3906. List the prime factors of x.
2, 7, 31
Suppose 4*g = 8 - 0. Suppose 0 = 5*k - 2*c - 